) = 115*w**3 - 7*w**2 + 28*w - 19. Is l(8) composite?
True
Let r be -5*(-5 + 4) - 2. Suppose -4*b = -u - 20, 0 = 2*b - r*b + 5. Suppose 5*d - c - 1891 = u, 2*c + 774 = 2*d + 6*c. Is d composite?
False
Let x = 85588 - -23967. Is x a composite number?
True
Suppose x = 5*p - 394739, -5*x - 56377 = 5*p - 451092. Is 154/(-30) + 5 + p/15 a composite number?
True
Suppose -52*h + 690272 = -5826051 - 4991433. Is h a composite number?
False
Suppose -3*n + 261*l + 166747 = 260*l, 2*l + 222330 = 4*n. Is n composite?
True
Let k = 3337 + -4930. Let b = k + 2630. Is b prime?
False
Let g(n) = 2*n**3 - 2*n**2 - 10*n + 4. Let j(o) = -2*o**3 + 2*o**2 + 10*o - 3. Let h = 13 - 10. Let k(i) = h*j(i) + 4*g(i). Is k(6) composite?
False
Let t be 46/(-5) - (-13)/65. Let y be (t/(-6))/1 + (-5)/(-10). Suppose -b = 2*s - 761 + 142, 2*s - 624 = -y*b. Is s a composite number?
False
Suppose 0 = 13*h - h - h - 204677. Is h prime?
False
Let v(g) = 775*g**2 - 64*g - 43. Let p(b) = 194*b**2 - 16*b - 11. Let z(l) = 9*p(l) - 2*v(l). Is z(6) a prime number?
True
Suppose -12*h + 3*v + 628400 = -10*h, 5*h = -4*v + 1570977. Is h prime?
False
Let u = -208 - -211. Suppose -2*g - 10 = 0, 3*g - 4689 = -u*t + 2625. Is t composite?
True
Let u(g) = 152456*g + 941. Is u(3) composite?
False
Let b be (4/10)/(2/20). Suppose b = -3*m + m. Is 2 - (m/(-4))/(3/(-2370)) composite?
False
Let v(k) = 5778*k**3 + 3*k**2 + 12*k - 31. Is v(2) a composite number?
False
Suppose -3*x + 327 = -0*x. Let b = -860 + 850. Let f = x - b. Is f a prime number?
False
Let h(q) be the third derivative of 49*q**5/15 - 5*q**4/24 - 23*q**3/6 + 81*q**2. Is h(6) a composite number?
True
Suppose 4*u = -f + 155120, -11*u + f = -14*u + 116340. Suppose -2*w + u = -5*h + 11721, -3*h = -2*w + 27049. Is w a prime number?
False
Let f be 4 - (4 - (-30)/(-5)). Let u(a) = 764*a + 11. Is u(f) composite?
True
Suppose -5*q - 40*r + 41*r + 5436 = 0, 3*r = q - 1076. Suppose 3*x + 403 = -3*y + 2920, 4219 = 5*y - x. Let g = y + q. Is g a composite number?
False
Let z = -35 + 37. Suppose -4*n + 4*u - 6*u + 38 = 0, 3*u - 1 = z*n. Suppose -n*a + 4469 = 682. Is a prime?
True
Suppose 2*i - 5*b - 46 = 0, 3*i - 7*i - 2*b + 140 = 0. Let m = i - 29. Suppose 4*o = -y + 139, y - m*o = -0*y + 107. Is y a prime number?
False
Suppose 2*p + 2 = -5*b, -2*b + 6 - 2 = 2*p. Is 5 + (4 - p) - -74 a prime number?
True
Is -12*5/(-90) - (-727627)/3 a prime number?
False
Is 17/1 - (-6142 - -112) a prime number?
True
Let x = 114 + -119. Is 1*((-4)/x + 12255/25) a composite number?
False
Let l(b) = 10*b**3 - 10*b**2 - 3. Let z(q) = -q**3 + 4*q**2 - 2*q + 2. Let p be z(3). Let u be l(p). Suppose -10*a = u - 5187. Is a prime?
True
Is 302250 + (-4)/18 + (-16261)/(-1449) a composite number?
False
Let a = -2289 - -4751. Suppose 2*l - a = -3*x + x, -4*x - 5*l + 4922 = 0. Suppose 2*y + 3*y = 2*h - x, 3*h - 1862 = 5*y. Is h a composite number?
True
Suppose 2*m - 79570 = 4*u, 225*m - 5*u = 220*m + 198910. Is m a composite number?
False
Suppose 12 = 21*t - 9*t. Is (2/(-6))/(t*1/(-9543)) prime?
True
Let q(h) = 3*h**2 + h. Let k be q(-2). Let o be (-3)/(-15) + 16798/k. Suppose -o = -3*b + 279. Is b composite?
False
Let x(i) = -12405*i + 5387. Is x(-4) composite?
True
Let w = 332928 - 232807. Is w prime?
False
Suppose n - 13*o + 17*o + 7 = 0, -4*n - o = 13. Let t(m) = -1694*m + 17. Is t(n) composite?
False
Suppose 0 = -0*u + 10*u + 20, -3*u - 2925184 = -2*y. Is y prime?
True
Let i(b) = 5330*b - 24. Let n be i(9). Let w = n + -27353. Is w a prime number?
True
Let h = 482 - 492. Is 0/(-1) - 23934/(h - -4) a prime number?
True
Let i = 15324 - -48809. Is i a composite number?
True
Suppose 15132777 - 2533073 = 104*k. Is k composite?
False
Let b = -498411 + 995978. Is b composite?
True
Let h be 87/18 + 3/18. Suppose p = -2*o - 27, -2*p = -h*o - 46 - 26. Let x(u) = 6*u**2 - 16*u + 38. Is x(o) prime?
False
Let h = 37989 - 53537. Let v = 3263 - h. Is v composite?
True
Let k = 312827 - 74594. Is k a composite number?
True
Suppose 4*k + 9 = 25. Suppose 0 = 5*d - k*a, 4*d + a = -4*a. Is ((-513)/(-2) - d) + (-3)/(-6) composite?
False
Let v be 1/((1/5)/(16/40)). Suppose -5*k = t - 1251, -4 = -t + v*t. Is k a prime number?
True
Suppose -2*a - 43 = 5*w, 3*a + 13 = 5*w - 39. Let u(t) be the third derivative of -t**6/120 - t**5/3 - 25*t**4/24 + 25*t**3/6 - 8*t**2. Is u(a) a prime number?
True
Let z = -60 - -60. Suppose 8 = -4*l - 3*v - 1, -4*l - 4*v - 12 = z. Suppose 4 = -a, -5*a - 1096 = -4*d - l*d. Is d a composite number?
False
Let f = 1008752 + -701765. Is f a prime number?
False
Suppose 54*t - 51496877 + 26648880 - 47377381 = 0. Is t composite?
False
Suppose -2*p = 5*a - 29688, -110*p + 3*a = -114*p + 59390. Is p a composite number?
True
Let o(r) = 514*r**2 + 24*r + 45. Let p = 443 + -445. Is o(p) composite?
False
Is (1/2)/((6/(-3158874))/(12/(-18))) prime?
True
Let p(c) = -c**2 + c + 5. Let z(o) = -o. Let g(s) = -p(s) + 2*z(s). Let b be g(-2). Suppose -3*r = -b*t - 481, -5*r + 2*t + 787 = t. Is r a prime number?
True
Let z = -12580 - -153023. Is z prime?
True
Let u = -125337 - -269120. Is u a composite number?
True
Suppose 3*i - 1321 = v + v, -4*i - 4*v = -1728. Is i prime?
False
Let t(s) = s**3 + 103*s**2 - 8*s - 1478. Is t(48) prime?
False
Suppose -j = 0, 6*z + 4*j = 11*z + 5. Let x(g) = -3218*g + 8. Is x(z) composite?
True
Let c(s) = 322*s**3 - 10*s**2 + 12*s - 23. Is c(7) composite?
False
Let s = -516 + 524. Suppose -12*d = -s*d - 225092. Is d a composite number?
True
Suppose -2*l - 2*i + 206 = 0, -7*l + i + 491 = -2*l. Let f = l + -87. Is (-1)/(2/4) - (-436 + f) composite?
True
Let x be 25 - (-2)/(8/(-12)). Let c = -27 + x. Is ((-6)/2)/(-1) + (-2800)/c composite?
False
Let t be (2 - 16)/(5 - (-828)/(-164)). Suppose -838 = -2*z + 5*u - t, 0 = 2*z + 4*u - 542. Let o = 794 - z. Is o a prime number?
True
Let o be (-2)/(-9) + (-115731)/(-81). Suppose 0*k - o = -3*z + 2*k, 3*z - 1441 = -k. Is z a prime number?
True
Let g(t) = -6*t**3 - 3*t**2 + 8*t. Suppose 7*l - 20 = 11*l. Is g(l) prime?
False
Let i(c) = -20*c**3 - 3*c**2 - 8*c - 4. Let w be i(-3). Let y = -118 + w. Is (-1)/(((-5)/y)/1) composite?
False
Let g(s) = 40345*s**2 + 26*s - 28. Is g(1) a composite number?
False
Is 48881 + -28 + -15 + 1 prime?
False
Let y = 1409 + -618. Let j = -318 + y. Is j prime?
False
Suppose -24*x - 1941 = -21*x. Let c = 752 - x. Is c a composite number?
False
Suppose 2*y + 2*y - 320 = 0. Let m(k) = -3*k**3 - 26*k**2 - 8*k + 7. Let h be m(-8). Let t = y + h. Is t a composite number?
False
Let v(h) = 208*h - 2. Let r be v(2). Suppose 0 = 5*p - 2*w - 878 - 1183, w + r = p. Is p a composite number?
True
Suppose 6*p - 63386 = 3*p - 2*m, 4*p = -5*m + 84517. Let b = p - 7869. Is b composite?
False
Let a(p) = 76*p**2 - 9*p + 7. Let l(t) = -t**2 + t + 1. Let f(x) = 3*x**2 - 3*x - 2. Let q(v) = -f(v) - 2*l(v). Let h(u) = a(u) + 3*q(u). Is h(4) prime?
True
Suppose 0 = 73*l - 38*l + 94*l - 32329077. Is l a composite number?
True
Let r(u) = -2*u**3 + 8 + 20*u + 5*u**2 + u**3 - 26*u. Let k be r(4). Suppose k = -18*g + 7*g + 8393. Is g composite?
True
Suppose -p = -5*x - 208928, 835678 = 4*p - 0*x - 3*x. Is p composite?
True
Let d(k) = -20445*k + 2078. Is d(-5) composite?
True
Let m = -685 - -3051. Suppose 0 = 3*h - m - 20551. Is h a prime number?
True
Let s = -89974 + 140865. Is s composite?
False
Suppose 0 = 3*j + b - 120, -j - 3*b + 7*b + 27 = 0. Suppose 38*i - j*i = -3299. Is i composite?
False
Suppose 0 = 4*y + 28, 5*y - 78464 = -d + 103894. Is d prime?
False
Is 3 - (-6 + (-234)/12)*6276/18 a prime number?
False
Let o(a) = -2*a**3 - 6*a**2 - 18*a - 19. Let u be ((-84)/(-18))/((-4)/6). Is o(u) composite?
False
Suppose 9*j - 3*j = 18. Suppose 0 = j*k - 2*t - 11361, -t - 3*t = 5*k - 18913. Is k composite?
True
Let n be ((-8)/8)/((-1)/(-2)*-1). Suppose -18*d = -22*d + n*o + 8774, d - 2*o = 2189. Is d a prime number?
False
Let r(a) = -46*a - 188. Let g be r(-5). Suppose g - 8850 = -3*o - 3*t, 5*t = -o + 2956. Is o composite?
True
Let u(t) = 54*t**2 + 5*t + 33. Let v(w) = w**2 - 15*w - 4. Let y be v(15). Is u(y) a prime number?
True
Let i(x) = -x - 1. Let u be (-40)/(-12) + 2/(-6). Let q(y) = -2*y - 26. Let n(s) = u*i(s) + q(s). Is n(-12) a prime number?
True
Let v(g) = -g**2 - 25*g - 20. Let w be v(-24). Is 1 + 14124 + (-